k = -5997 + 6057. Calculate the greatest common divisor of 1965 and k.
15
Let c(x) = x**2 + 5*x + 3. Let o = 14 - 23. Let j = 4 + o. Let m be c(j). What is the greatest common divisor of 24 and m?
3
Let n be -2*(-4 + 5) + -6. Let w be (-12)/(-15)*(-2180)/n. Suppose 2*v = -10, 7*v - 3*v + w = 2*k. Calculate the highest common factor of 11 and k.
11
Let b be (-140)/(-28) - 14*3/(-6). What is the highest common divisor of b and 10596?
12
Let c(q) = -q**2 - 2*q + 5. Let i be c(-3). Let z be (0 - -1)/(i/6). Suppose -3 + 25 = 2*x - 2*j, z*j = 0. Calculate the highest common divisor of 88 and x.
11
Suppose 0 = 4*i - 24, 17*i = 3*z + 15*i - 168. What is the greatest common factor of z and 972?
12
Let u be (-1)/(-2) - (-15)/20*10. Let p be 17 + (10 - 64/u). What is the highest common factor of p and 95?
19
Let y(f) = -9*f - 20. Let n(t) = 14*t + 30. Let o(p) = -5*n(p) - 8*y(p). Let s be o(11). Let j = s + -22. Calculate the greatest common divisor of 70 and j.
10
Let l = 238 - 48. Let n = l + -98. What is the greatest common divisor of 23 and n?
23
Suppose -4*j - 126*o = -131*o - 38, 2*o + 44 = 4*j. What is the greatest common divisor of 25524 and j?
12
Let t = -1239 + 1446. Suppose 11*y - 95 - 4 = 0. What is the highest common divisor of t and y?
9
Let h = -99 + 101. Suppose 0 = 5*s - 6*s + h. Suppose 0 = -s*i + u + 330, 158 = 3*i - u - 337. What is the highest common factor of 66 and i?
33
Let o = 17013 - 16871. What is the greatest common factor of 23004 and o?
142
Let a(i) = 3*i**3 - 81*i**2 + 97*i + 6. Let n be a(27). What is the greatest common factor of n and 45?
15
Let a(d) = -98*d**3 + d**2 + 16 + 15*d + 97*d**3 + 4*d**2. Let y be a(7). Calculate the greatest common divisor of y and 161.
23
Suppose 29*k - 48 = -3*k + 240. Let b be (-2)/(-4 + 5070/1269). Calculate the greatest common divisor of b and k.
9
Let i = -274 - -104. Let u = i - -179. Let w = 58 + -40. What is the greatest common factor of w and u?
9
Let k(l) = 248*l**2 - 4934*l - 58. Let n be k(20). Suppose 0 = f - 3*u - 29 - 28, 4*f = -4*u + 148. Calculate the greatest common factor of n and f.
42
Let i(d) = d**3 + 5*d**2 - 4*d + 11. Let p be i(-5). What is the highest common factor of p and 403?
31
Let p(t) = -149*t + 1545. Let b be p(10). Calculate the greatest common factor of b and 220.
55
Suppose 155*t + 73*t = -239*t + 26152. What is the highest common divisor of t and 4634?
14
Let q be (-2)/5 - 24/(-10). Suppose 3*z - 2*p - 139 = 0, 29*z - 32*z + 149 = -4*p. Suppose 50*w = z*w + 21. Calculate the greatest common divisor of w and q.
1
Suppose 290*u + 1376 = 48356. Suppose 0 = 3*j - 2*m - 39 - 125, j - 52 = -2*m. Calculate the highest common divisor of j and u.
54
Suppose -2*b + 1365 = 3*q, 51*b = 53*b + 5*q - 1371. Suppose -4*g - 2 = -26. Calculate the highest common divisor of b and g.
6
Suppose -22 + 4 = -9*d. Let z be ((-186)/(-4))/(d/8). Calculate the highest common factor of 310 and z.
62
Suppose 5*z - 39 = 2*y + 65, -z = -3*y - 169. Let c = 232 + y. Calculate the greatest common factor of 50 and c.
25
Suppose 0 = -35*z + 6902 - 427. Calculate the highest common divisor of 25 and z.
5
Let t = -552 + 563. Let g(q) = -q**3 + 16*q**2 - 15*q - 13. Let h be g(15). Let w = h + 68. Calculate the greatest common divisor of t and w.
11
Let n = 8651 + -3593. Calculate the highest common factor of 54 and n.
18
Suppose -22*q + 14*q + 96 = 0. Let x be 63/q + (-45)/36. What is the highest common divisor of x and 44?
4
Suppose -b - 3*b - 371 = 5*q, 2*q + 89 = -b. Suppose 58 - 1507 = -7*v. Let k = v + b. What is the highest common divisor of 12 and k?
12
Suppose -201*d + 264*d - 1066464 = 0. Calculate the highest common divisor of 32 and d.
32
Let g be (-205 + 3)/((-6)/(-9)*-3). Suppose g = 5*w + 51. Suppose 14 = r + d - 71, 4*d - 260 = -3*r. Calculate the highest common factor of r and w.
10
Suppose 0 = -15*m + 20*m - 255. Let q(u) = -u**2 - 130*u + 21. Let d be q(0). What is the highest common divisor of m and d?
3
Suppose 6 = -h + 5*p, 5*p + 6 = -2*h + 24. Suppose -72 = -h*z - k, z + 0*z = 5*k + 39. What is the highest common factor of z and 266?
19
Let u(k) = 13*k**2 - 46*k - 442. Let q be u(-9). Calculate the highest common factor of 287 and q.
41
Let w be -5 + (7/(-28) - 13/(-4)). Let z(m) = 7*m**2 - 7*m - 7. Let x be z(w). Calculate the highest common factor of 10 and x.
5
Let l(f) = 11*f + 151. Suppose -5*h - 37 = -m, -4*m + 57 = -3*h - 23. Let r be l(m). What is the greatest common factor of r and 26?
26
Suppose -14*q + 49 - 889 = 0. Let h = q + 440. Calculate the greatest common factor of h and 40.
20
Suppose 4*w - 3*a - 120 = 0, -3*w + a = -100 + 10. Calculate the highest common factor of 186 and w.
6
Let k be (-34)/10 + 20/50. Let p be (-8 - k) + (-1 - -7). What is the highest common factor of 11 and p?
1
Let f(o) = -o**3 - 47*o**2 - 3*o - 125. Let h be f(-47). Calculate the highest common divisor of h and 428.
4
Let g(q) = 6*q + 65. Let w be g(-10). Suppose 3*z + 0*z = 6, w*k = -5*z + 105. Suppose -5*h = -6*h + 38. What is the greatest common divisor of k and h?
19
Suppose 4*u = -4*n + 24, 2*n + u = -73 + 86. What is the highest common factor of 483 and n?
7
Suppose 2924*q - 2964*q + 600 = 0. Let o = -42 - -122. Calculate the highest common divisor of q and o.
5
Let m(h) = 6*h - 19. Let i be m(4). Suppose -2*b + i = -5, y = -3*b + 43. Suppose 11 = s + 4. Calculate the highest common factor of s and y.
7
Let f(q) = 19*q + 107. Let s be f(-4). Calculate the greatest common factor of 3379 and s.
31
Let z = -118292 + 181677. What is the greatest common factor of 35 and z?
35
Let x = -5320 - -5344. Let p = -31 - -295. Calculate the highest common divisor of x and p.
24
Let l be (3 - (967 + 4))/(10/(-15)). Suppose 29*x = l - 176. Let d(j) = 2*j**2 + 6*j + 3. Let y be d(-4). What is the highest common factor of y and x?
11
Suppose 3*x - 75*m = -79*m + 196, -25 = 5*m. Calculate the greatest common factor of x and 2688.
24
Let j(f) = f**2 - 67*f + 1192. Let i be j(23). Let v(r) = 2*r**2 + 16*r + 5. Let l be v(5). What is the highest common factor of i and l?
45
Let p = -21 - 22. Let n = -23 - p. Let m = 1549 + -1539. Calculate the highest common divisor of n and m.
10
Suppose -16*v - 484 = 6*v. Let s(f) = -11*f - 227. Let l be s(v). What is the greatest common factor of 135 and l?
15
Let i be 2736/(-15)*(0 - 5). Calculate the highest common divisor of 12 and i.
12
Suppose 2*z + l + 0*l = 1466, 0 = -3*l - 12. Suppose 4*s = 3039 - z. Suppose 2*a - s = -4*a. Calculate the highest common factor of 12 and a.
12
Suppose 0 = 4*j - 2*c - 618, 31 - 477 = -3*j - 2*c. Let v(i) = -15*i + 428. Let b be v(26). What is the greatest common divisor of j and b?
38
Suppose 34 = -2*n + f, -3*n - 18*f + 22*f - 56 = 0. Let r be (248/n + 9)/((-2)/8). Calculate the greatest common divisor of 4 and r.
2
Let j = 282 - 250. Let z = 337 - 241. Calculate the highest common divisor of j and z.
32
Let o = -11078 + 14390. Calculate the highest common factor of o and 3.
3
Let t = 1665 - 969. Let p(x) = x**2 + 999*x - 82828. Let q be p(77). What is the greatest common divisor of q and t?
24
Let o = 26 - 14. Suppose 70*a - c - 238 = 67*a, 2*a + 4*c = 224. Calculate the highest common divisor of a and o.
12
Suppose 0*c + 119 = c + 5*p, -3*c = -5*p - 357. Suppose 0 = 5*l + 4*g - 82, -19*g = 4*l - 22*g - 47. Calculate the greatest common factor of l and c.
7
Let u = 15 + -15. Suppose -5*v + 18 + 12 = u. Suppose 3*l - v*l = -72. Calculate the greatest common factor of 6 and l.
6
Let m(f) = 10*f**2 + 36*f + 56. Let v be m(0). Let d be (-4)/10 + 24/10. What is the highest common divisor of v and d?
2
Let f be 12/(54/16 + -3). Suppose f + 292 = 2*o. Suppose -4*y + 0*y + 140 = -5*u, 3*u + o = 5*y. Calculate the highest common factor of 10 and y.
10
Suppose 1 = -5*f + 4*v + 5, -v - 1 = -3*f. Suppose -7*k + 22*k - 13140 = f. What is the highest common factor of k and 12?
12
Let b = 2550 - 1788. Suppose 3*p = 5*z - 1302, 0*p + b = 3*z + 3*p. What is the greatest common divisor of z and 86?
86
Suppose -4*u - 5*a = -33, 2*u + 8 = -3*a + 27. Suppose 419 = 5*h + 94. Suppose 4*s = 7 + h. What is the greatest common divisor of s and u?
2
Let s(r) = r**2 + 3*r + 4. Let i be s(-5). Let f be (-2 - (-3)/1) + 671. Suppose 160*q + f = 1